 o(p) a prime number?
True
Suppose -r = -4*n - 106, n - 4 + 28 = -r. Let y = n - -35. Suppose 0 = -4*d + y*d - 2605. Is d a composite number?
False
Let g be 16641/6 - ((-5)/(-10) - 1). Let n = 4575 - g. Is n a prime number?
True
Let b(p) = -2*p**2 + 69*p**3 - 1 - 150*p**3 + 6 + 132*p**3 + 6*p. Let v be b(-3). Let t = -929 - v. Is t composite?
False
Suppose 13*b - 21955 = 22986. Is b a composite number?
False
Let s be (-27*9/18)/((-6)/8). Suppose -s*c + 9527 = -17*c. Is c a composite number?
True
Let i = 305934 + -51161. Is i prime?
True
Suppose x = -2*j - j + 82177, -4*x + 328721 = -j. Suppose -2*y = -22*y + x. Is y prime?
False
Let n(m) = 2231*m - 133. Is n(4) composite?
True
Let f = 507943 - 105894. Is f prime?
True
Let f(c) = -c**3 - 4*c**2 - 4. Let a be f(-5). Suppose a*n + 11358 = 12*n. Let o = n + 1929. Is o prime?
False
Suppose 9*v + 94778 = 452132. Let q = -13513 + v. Is q prime?
False
Let a(g) = 872*g + 3587. Is a(58) a composite number?
False
Let h = 42182 + 38037. Is h prime?
False
Let a(n) = 214*n**2 + 13*n - 150. Is a(7) a composite number?
False
Let o(j) = -445*j + 13 - 27 + 5902*j - 6. Is o(1) a prime number?
True
Let w(u) = 1072*u - 441. Is w(1) prime?
True
Is 8 + 10/(-15)*(-4 - (-446419)/(-2)) prime?
True
Suppose 29632980 - 490917 = 153*w. Is w a prime number?
True
Suppose -319*p + 36205653 + 28238408 = 0. Is p composite?
True
Suppose -q = 2, 0 = v + 7*q - 2*q - 520. Let a = -9 + v. Is a a prime number?
True
Suppose 0 = -4*v + v + 5*j + 13359, -3*j - 17812 = -4*v. Let r be 2 + 20/(-9) - 65/(-9). Suppose 4*p = r + v. Is p a prime number?
False
Let l be 3 + (-2 - 93920)*-4. Suppose 20*n - 107409 = l. Is n a composite number?
True
Suppose -q - 18 = 4*y, y + 1 = -1. Let o be (-32)/q*170/4. Suppose 0 = -5*b + 119 + o. Is b a prime number?
False
Suppose 5*t + j - 731 = 0, 0 = 4*t + 3*j + 96 - 683. Let y be (68 + -65)/(3/4). Suppose -t = y*s - 622. Is s a composite number?
True
Let m(c) = c**3 + 5*c**2 - 3*c + 1. Let f be m(-5). Let l(b) = -2*b + 37. Let z be l(f). Let u(i) = 15*i**2 - 2*i + 14. Is u(z) a composite number?
False
Let a = -25 - -21. Let i be (4 + -3)/(a*2/(-232)). Suppose -3*u + 838 + i = 0. Is u composite?
True
Let c(y) = 59*y**2 + 5*y - 5. Suppose -9*z = -13*z + 48. Let m be (z/(-20))/(3/(-15)). Is c(m) composite?
False
Is (8 - -7 - 17)*(-20782)/4 a composite number?
False
Suppose 4*f = 5*o - 2253, 0 = -4*o + 8*o - 5*f - 1806. Suppose 4*w = w + 2826. Let g = w - o. Is g prime?
False
Suppose -30856020 = -100*l + 23445280. Is l a composite number?
True
Suppose -8*l + 4*l = -8. Suppose l*u - 9481 = -17*u. Is u prime?
True
Let v be 6/(-3)*1/(-2). Let m be v*14*(-4)/(-8). Suppose -1980 + 251 = -m*k. Is k a composite number?
True
Suppose 0 = -37*x - 3279 - 133806. Is 72/8 - x - (-1 + -4) a prime number?
True
Suppose -30*a - 831558 = -6679548. Is a a prime number?
True
Is -6 - (21381 - -2)/((-21)/21) composite?
False
Suppose 3*a = n - 506, 8 = 3*a - 7. Is n composite?
False
Suppose 0 = 2*z - 0*z - 10. Let s be (1 + -1)*z/(-15). Suppose 2*u - 7*u + 95 = s. Is u composite?
False
Let q = -112 - -115. Suppose -3*u - 77545 = -5*r, q*r = -4*u + 14927 + 31600. Suppose -r = -8*z + 7699. Is z composite?
True
Suppose -2*f = 3*f - 2395. Let o be -8*7/((-224)/12). Suppose 0 = 2*k + 3*n - 962, -n + o*n = -k + f. Is k a composite number?
False
Suppose 5506350 = -1436*f + 1486*f. Is f prime?
False
Let i(y) = 2*y**2 + 46*y + 32. Let j be i(-22). Is 69456/10 + j/20 + -2 a composite number?
True
Let s be 2/11 + 237/(-33) - 9. Let n(v) = -33*v - 43. Let r(o) = -100*o - 128. Let i(b) = -11*n(b) + 4*r(b). Is i(s) a composite number?
True
Let r = 91 + -76. Let x be (r - 25)*(1 + -219). Suppose -4*v + 9*v = 3*a + x, -4*a - 1736 = -4*v. Is v a composite number?
False
Suppose g = 2*l - 28, 5*l - 40 = 3*g - 2*g. Let r be (((-288)/g)/2)/((-6)/(-40)). Let c = 467 - r. Is c composite?
False
Suppose -884364 = -4*o - 2*h, 4*h - 884380 = -4*o + 6*h. Suppose 0 = -28*y + o - 7873. Is y composite?
True
Let j(l) = -8*l**3 + 17*l**2 + 293*l - 3. Is j(-19) prime?
True
Let c(g) = 1688*g**2 - 8*g + 29. Let q be c(3). Suppose 2952 = -31*j + q. Is j a composite number?
True
Let x(w) = -w**3 + 7*w**2 - 7. Let k be x(7). Is (-5051)/(k + 36/6) prime?
True
Is (-2 + 1 + 0)/((-24)/266136) a prime number?
False
Suppose 3904 = -5*p + 58684. Let q = -5399 + p. Is q a prime number?
True
Suppose 32*u = 34*u - 6. Is 4 + (899 - (-12)/9*u) a prime number?
True
Suppose 3*q - 297432 = -12*p + 6*p, 5*q = -3*p + 148709. Is p a composite number?
True
Suppose -11*x + 7*x = -87772. Is x prime?
True
Let o = 255 - 262. Let r(x) = -3432*x - 5. Is r(o) a composite number?
False
Suppose 9457725 + 21345372 = 39*h. Is h a prime number?
True
Let f(p) = 3*p - 19. Let v be f(8). Suppose 0*r + v*r - 20 = 0. Let u = r + 123. Is u a composite number?
False
Let w = 378657 + -234928. Is w composite?
False
Let d = -20071 - -39486. Suppose 0 = 11*i - 6*i - d. Is i a prime number?
False
Suppose -x + 49209 + 506980 = 0. Is x composite?
True
Let q = 951235 + -545912. Is q a composite number?
False
Suppose 2*g + 174309 - 10064 = v, -4*g = -4*v + 656964. Is v composite?
True
Let z = -154 + 160. Suppose -z*t + 5224 = -2*t. Is t prime?
False
Let k = -5647 + 9208. Is k a prime number?
False
Let t(h) = h**3 - 11*h**2 + 9*h + 9. Suppose 4*i - 4*v - 24 = 72, -3*i + 5*v = -76. Is t(i) prime?
True
Let y be ((-54)/162)/(1/(-9)). Let b(j) = 997*j - 26. Is b(y) prime?
False
Suppose 14*u - 27 = 127. Is ((-1)/(-3))/(u/159687) a composite number?
True
Suppose 57*d - 1034749 = -1756562 + 10009792. Is d a prime number?
True
Suppose -36726 = -d + 2*b, -b = d - 0*b - 36726. Let t = d - 22523. Is t a prime number?
False
Let d = -3 + 1. Let u be (-8)/12 - 25577*d/6. Suppose 1280 + u = 5*a. Is a a composite number?
True
Let s = 40 + -16. Suppose -s = -v - 3*v. Is 3*(-412)/v*3/(-6) composite?
False
Let m(s) = 6249*s - 76. Let h(g) = g**2 - 22*g - 101. Let a be h(26). Is m(a) prime?
True
Suppose 1985 - 1970 = -5*x, 1011816 = 3*l - x. Is l prime?
False
Let m = 42499 - -23002. Is m a prime number?
False
Suppose -23 - 22 = -3*q. Let j(d) = -5*d - 4. Let k(t) = 14*t + 12. Let w(b) = -7*j(b) - 2*k(b). Is w(q) a prime number?
True
Let h = 29 - 17. Is -1 + h/21 - (-649192)/28 a prime number?
False
Let g(b) = -b**3 - 3*b**2 - 11*b + 2. Suppose 4*j = 2*f - 3*f - 3, 0 = -2*f + 5*j - 19. Let y be (f/14)/(2/36). Is g(y) prime?
True
Let u = -415 + 424. Suppose 14*o + 3*c = 9*o + 4984, 0 = -3*c + u. Is o prime?
False
Let k = 33716 - -657. Is k prime?
False
Suppose 2*t = -9830 + 125004. Is t a composite number?
False
Is (364866/(-12))/((-63)/126) prime?
True
Let k(o) be the first derivative of o**4/4 + 22*o**3/3 - 45*o**2/2 + 16*o + 176. Is k(15) a composite number?
True
Suppose -26*w + 35*w - 54 = 0. Suppose w = -g + 4, 28223 = 3*q - g. Is q prime?
False
Suppose -3*q + 19 = -5. Let p(v) = 212*v. Let f be p(q). Let u = f - 315. Is u a prime number?
True
Let c be 18/(-2) + 0 + -24611. Let h = c + 44569. Is h a composite number?
False
Let u(l) = -l**2 + 8*l + 21. Let o be u(9). Let x be 6/4*16/o. Suppose -7*r + x*r = -3725. Is r composite?
True
Is (-181189 + 106)/(-2 + -2 + 1) a prime number?
False
Let b(m) = -m**3 + 4*m**2 - m - 3. Let k be b(3). Suppose 4*q = -k*o + 8*o, 0 = 3*q + 4*o. Suppose -r - 3*g = -5*g - 39, q = r + 2*g - 23. Is r a prime number?
True
Let v(m) = m**2 - 3*m - 13. Suppose -30 = 8*t - 13*t. Let o be v(t). Suppose -o*b = 3*a - 323 + 36, -173 = -3*b - a. Is b a prime number?
False
Suppose 0 = -2*g - 2*g - 4312. Let d(x) = 444*x - 169. Let q be d(5). Let i = q + g. Is i prime?
False
Suppose 0 = -19*w + 2*w + 5505229. Is w a prime number?
True
Suppose 3525960 = -1356*r + 1476*r. Is r composite?
False
Let v = -5489 - -8092. Is v a composite number?
True
Let v(i) = 41383*i - 292. Is v(5) a prime number?
True
Suppose -222*c = -217*c - 20. Suppose 0 = -3*o + c*o - 2459. Is o composite?
False
Let c = -8235 + 11755. Suppose 136 = -24*r + c. Is r prime?
False
Let t = 20276 + -3885. Is t a composite number?
True
Is 114741 + ((-56)/(-24) - (-3)/(-9)) prime?
True
Let x(t) = t**2 - 22*t - 1446. Is x(-37) a prime number?
False
Let j = 44310 - -15257. Is j a prime number?
True
Let a(g) = -141023*g + 1186. Is a(-9) a composite number?
T